List the prime factors of 610019055.
3, 5, 257, 52747
List the prime factors of 8244272555.
5, 83, 19865717
List the prime factors of 27987991.
27987991
List the prime factors of 2029176335.
5, 569, 713243
List the prime factors of 30498455.
5, 13, 469207
List the prime factors of 1581948.
2, 3, 43943
What are the prime factors of 67599788?
2, 293, 57679
What are the prime factors of 4724654921?
7, 271, 355799
List the prime factors of 36601109.
47, 523, 1489
List the prime factors of 2381375813.
2381375813
List the prime factors of 270566488.
2, 33820811
What are the prime factors of 1595180065?
5, 23, 1327, 10453
List the prime factors of 36415721.
977, 37273
List the prime factors of 65765031.
3, 491, 44647
List the prime factors of 253591443.
3, 7, 109, 36929
What are the prime factors of 43141932?
2, 3, 19, 63073
What are the prime factors of 90574382?
2, 45287191
What are the prime factors of 4877445988?
2, 1219361497
What are the prime factors of 532878781?
532878781
What are the prime factors of 1210050554?
2, 821, 736937
What are the prime factors of 34374822?
2, 3, 5729137
List the prime factors of 912650579.
19, 48034241
List the prime factors of 385715849.
385715849
List the prime factors of 78343150.
2, 5, 59, 26557
What are the prime factors of 138397740?
2, 3, 5, 13, 177433
What are the prime factors of 325010140?
2, 5, 7, 13, 97, 263
What are the prime factors of 505822535?
5, 41, 389, 6343
What are the prime factors of 156278205?
3, 5, 109, 151, 211
List the prime factors of 188536038.
2, 3, 31422673
What are the prime factors of 15976486?
2, 79, 101117
What are the prime factors of 174811280?
2, 5, 7, 83, 3761
List the prime factors of 338047769.
509, 664141
List the prime factors of 720602315.
5, 229, 761, 827
What are the prime factors of 4292087?
29, 47, 67
What are the prime factors of 6964259501?
109, 373, 171293
List the prime factors of 54467818.
2, 23, 1184083
What are the prime factors of 490428167?
490428167
What are the prime factors of 50357567?
13, 3873659
List the prime factors of 101845003.
13, 1997, 3923
List the prime factors of 1526308559.
223, 6844433
What are the prime factors of 140879483?
140879483
List the prime factors of 1257864802.
2, 23, 37, 739051
What are the prime factors of 1698329422?
2, 849164711
List the prime factors of 195220368.
2, 3, 7, 797
List the prime factors of 28352080.
2, 5, 354401
List the prime factors of 7414301995.
5, 1087, 1364177
List the prime factors of 802545560.
2, 5, 19, 1055981
List the prime factors of 1178135745.
3, 5, 3923, 20021
What are the prime factors of 1317257751?
3, 14149, 31033
List the prime factors of 122565303.
3, 7, 131, 14851
List the prime factors of 6345176721.
3, 13, 97, 1677287
List the prime factors of 236797194.
2, 3, 39466199
What are the prime factors of 41797962?
2, 3, 2322109
What are the prime factors of 5679979108?
2, 1419994777
List the prime factors of 1117556260.
2, 5, 4723, 11831
List the prime factors of 1100364959.
53, 113, 313, 587
What are the prime factors of 356933888?
2, 1394273
What are the prime factors of 107439211?
11, 31, 509, 619
List the prime factors of 120048313.
7, 11, 29, 37, 1453
List the prime factors of 47329219.
7, 31, 218107
List the prime factors of 836648663.
1103, 758521
List the prime factors of 45461449.
11, 43, 223, 431
What are the prime factors of 1510835835?
3, 5, 563, 178903
What are the prime factors of 124984286?
2, 7, 197, 45317
What are the prime factors of 196773325?
5, 7, 73, 211
List the prime factors of 2179052858.
2, 61, 17861089
What are the prime factors of 41268569?
2803, 14723
List the prime factors of 260999888.
2, 491, 33223
List the prime factors of 28832447.
7, 479, 8599
List the prime factors of 3745085517.
3, 138706871
What are the prime factors of 230406626?
2, 5483, 21011
List the prime factors of 1017197432.
2, 1451, 87629
What are the prime factors of 659844778?
2, 329922389
List the prime factors of 14834202.
2, 3, 67, 36901
List the prime factors of 50608750.
2, 5, 40487
List the prime factors of 493222066.
2, 246611033
List the prime factors of 27499080.
2, 3, 5, 7, 19, 1723
What are the prime factors of 12862007?
12862007
List the prime factors of 1611371002.
2, 131, 6150271
List the prime factors of 3514684835.
5, 109, 503, 12821
List the prime factors of 1032798686.
2, 37, 61, 228799
What are the prime factors of 882127811?
882127811
What are the prime factors of 122862787?
122862787
What are the prime factors of 436395586?
2, 11, 61, 433, 751
What are the prime factors of 137566561?
11, 31, 569, 709
List the prime factors of 150604810.
2, 5, 79, 190639
List the prime factors of 867908576.
2, 109, 248827
List the prime factors of 1054430896.
2, 65901931
What are the prime factors of 102908398?
2, 421, 122219
List the prime factors of 67140455.
5, 127, 105733
What are the prime factors of 76999266?
2, 3, 83, 51539
What are the prime factors of 77027389?
859, 89671
What are the prime factors of 3709453250?
2, 5, 89, 293, 569
List the prime factors of 385278153.
3, 13, 9878927
List the prime factors of 1948463717.
38287, 50891
List the prime factors of 82583499.
3, 27527833
List the prime factors of 909011314.
2, 43, 10569899
What are the prime factors of 406430399?
406430399
What are the prime factors of 22154184?
2, 3, 13, 23669
What are the prime factors of 352796484?
2, 3, 19, 29, 229, 233
List the prime factors of 9231324.
2, 3, 821, 937
What are the prime factors of 2786882775?
3, 5, 37158437
What are the prime factors of 7783480?
2, 5, 31, 6277
List the prime factors of 45720556.
2, 7, 53, 30809
What are the prime factors of 4193708?
2, 251, 4177
What are the prime factors of 2882225218?
2, 1441112609
What are the prime factors of 875784918?
2, 3, 145964153
List the prime factors of 1955522104.
2, 17, 19, 523, 1447
What are the prime factors of 27036312?
2, 3, 1126513
List the prime factors of 372395573.
11, 19, 103, 17299
What are the prime factors of 4663243553?
1861, 2505773
What are the prime factors of 59014809?
3, 7, 59, 15877
List the prime factors of 83114018.
2, 13, 19, 168247
List the prime factors of 573878350.
2, 5, 17, 675151
What are the prime factors of 285444415?
5, 103, 131, 4231
What are the prime factors of 29949640?
2, 5, 7, 106963
What are the prime factors of 1910417658?
2, 3, 79, 4030417
List the prime factors of 55808025.
3, 5, 7, 13, 17, 37
List the prime factors of 4752140257.
31, 277, 553411
List the prime factors of 3944103074.
2, 281, 7017977
List the prime factors of 1854041466.
2, 3, 197, 1568563
List the prime factors of 189179749.
11, 1563469
What are the prime factors of 249314008?
2, 31164251
List the prime factors of 1561111092.
2, 3, 4261, 10177
What are the prime factors of 1107498436?
2, 11, 31, 103, 7883
What are the prime factors of 3128452649?
7, 61, 283, 25889
List the prime factors of 1221250568.
2, 43, 431, 8237
List the prime factors of 984242925.
3, 5, 41, 106693
What are the prime factors of 310083482?
2, 155041741
List the prime factors of 31915198.
2, 7, 2279657
What are the prime factors of 30980536?
2, 3872567
What are the prime factors of 231497038?
2, 115748519
What are the prime factors of 170528990?
2, 5, 19, 29, 30949
List the prime factors of 2172286767.
3, 7, 14777461
List the prime factors of 49144974.
2, 3, 23, 356123
What are the prime factors of 391987684?
2, 11, 31, 89, 3229
List the prime factors of 274237713.
3, 71, 73, 5879
List the prime factors of 106403129.
7, 23, 31, 21319
List the prime factors of 510256951.
19, 26855629
List the prime factors of 85886509.
37, 79, 29383
List the prime factors of 856704618.
2, 3, 7, 11, 61, 10133
List the prime factors of 85091999.
85091999
What are the prime factors of 1061956906?
2, 37, 14350769
List the prime factors of 70662308.
2, 673, 26249
List the prime factors of 103992964.
2, 25998241
What are the prime factors of 62419019?
13, 17, 282439
List the prime factors of 111702296.
2, 3137, 4451
What are the prime factors of 3435731303?
3435731303
List the prime factors of 106321621.
7, 17, 127637
List the prime factors of 4076572046.
2, 769, 2650567
List the prime factors of 684824247.
3, 61, 415801
List the prime factors of 1401837325.
5, 7, 1144357
List the p